e j(6).
259
Let j(d) = 2918337*d - 14591689. What is j(5)?
-4
Let t(c) = -111*c + 17322. What is t(156)?
6
Let v(r) = -18979*r + 227184. Give v(12).
-564
Let p(w) = -w**3 + 60*w**2 + 622*w - 305. Give p(69).
-236
Let r(l) = 120*l + 117715. Give r(-981).
-5
Let n(t) = -170*t + 13772. Determine n(87).
-1018
Let t(p) = 13*p**2 - 203*p - 6588. Give t(-16).
-12
Let z(d) = 20249*d - 161928. What is z(8)?
64
Let d(b) = -110*b + 53. Determine d(0).
53
Let v(u) = 10*u**2 - 608*u + 4210. Give v(7).
444
Let c(g) = g**3 + 67*g**2 + 162*g - 2515. What is c(-64)?
-595
Let d(a) = a**3 + 69*a**2 + 17*a - 3488. Determine d(-68).
-20
Let f(i) = -2211*i - 95076. Calculate f(-43).
-3
Let i(v) = -3*v**2 - 17151*v + 2. What is i(0)?
2
Let j(l) = -33202*l + 2888593. What is j(87)?
19
Let n(r) = r**2 + 113*r + 1123. Give n(-12).
-89
Let a(b) = -234*b**2 + 23*b - 80. Determine a(2).
-970
Let z(h) = h**2 - 151*h - 753. What is z(-5)?
27
Let k(x) = 60*x**3 - 27*x**2 - 27*x + 38. What is k(2)?
356
Let p(l) = -l**3 - 24*l**2 - 136*l - 49. Determine p(-10).
-89
Let y(d) = 5*d**2 + 49*d - 3330. Calculate y(22).
168
Let q(l) = -2*l**3 + 1924*l**2 - 20935*l + 12433. Calculate q(951).
70
Let u(k) = -2823*k - 73809. Calculate u(-28).
5235
Let w(i) = -198365*i - 105530180. What is w(-532)?
0
Let k(j) = -2*j**3 - 364*j**2 - 3128*j - 128. Calculate k(-9).
-2
Let b(g) = -525*g - 2830. What is b(-8)?
1370
Let o(c) = -4843*c - 52132. Determine o(-12).
5984
Let n(m) = -4*m**3 - 84*m**2 - 65*m + 27. Determine n(-20).
-273
Let o(y) = -2*y**2 + 413*y - 19856. Determine o(76).
-20
Let j(i) = -3*i**3 - i**2 - 13474*i - 9. Calculate j(0).
-9
Let u(t) = 476*t + 181773. Determine u(-382).
-59
Let i(p) = 29*p - 3023. Give i(88).
-471
Let u(a) = -4*a**2 + 12*a + 312. Calculate u(-8).
-40
Let d(j) = -j**3 - 29*j**2 - 96*j - 469. Determine d(-26).
-1
Let p(x) = -x**3 - 478*x**2 + 4876*x - 2038. What is p(-488)?
-86
Let g(m) = -m**3 + 48*m**2 - 566*m + 6. What is g(21)?
27
Let s(o) = -7792*o - 31160. What is s(-4)?
8
Let d(u) = 27119*u + 922050. Give d(-34).
4
Let u(o) = 14*o**2 - 266*o + 28. Give u(21).
616
Let w(f) = 1807*f - 77666. Determine w(43).
35
Let y(f) = 345*f**2 - 22097*f + 1092. Calculate y(64).
4
Let m(c) = -c**3 - 278*c**2 + 102440*c - 19488. What is m(-488)?
32
Let h(s) = 17*s**3 - 149*s**2 - 204*s - 49. Give h(10).
11
Let p(f) = -f**2 - 79079*f - 6793392. Determine p(-86).
6
Let n(c) = -c**3 + 4961*c**2 + 625328*c - 477. What is n(-123)?
15
Let u(h) = 2*h**3 + 65*h**2 - 265*h - 405. Determine u(-36).
63
Let v(p) = -p**3 + 29*p**2 + 237*p + 10447. Calculate v(41).
-8
Let d(u) = -137*u**2 - 1250*u - 1234. Determine d(-8).
-2
Let w(c) = -246*c - 3821. Calculate w(-16).
115
Let t(o) = -2056*o - 11628. Give t(-4).
-3404
Let q(v) = -407*v + 6635. Determine q(16).
123
Let s(l) = 3157*l - 67584. Give s(22).
1870
Let y(h) = -81*h**2 - 1810*h + 29. Give y(-22).
645
Let s(y) = -111*y**2 + 59023*y + 74610. Determine s(533).
-10
Let z(r) = -r**2 - 29339*r + 129. Calculate z(0).
129
Let o(c) = -c**2 + 19805*c - 197951. Calculate o(10).
-1
Let u(l) = -1522*l**2 + 348553*l - 3451. Give u(229).
-16
Let a(p) = p**3 - 15*p**2 + 486*p - 11695. Give a(20).
25
Let p(r) = r**3 + 34*r**2 + 215*r + 2847. Give p(-30).
-3
Let v(p) = -13699*p + 68112. What is v(5)?
-383
Let m(g) = g**3 - 431*g**2 - 5317*g - 28. What is m(-12)?
-16
Let v(g) = -256*g**3 + 3*g**2 - 158*g + 311. Calculate v(2).
-2041
Let y(f) = -3*f**3 - 398*f**2 - 660*f - 673. Determine y(-131).
-18
Let v(z) = -10160*z + 10566398. Give v(1040).
-2
Let q(v) = -4*v**2 + 78*v + 7337. Calculate q(-33).
407
Let l(w) = 119083*w + 357122. What is l(-3)?
-127
Let c(p) = -14742*p - 3390674. Determine c(-230).
-14
Let u(j) = 2*j**2 + 2823*j - 673708. Calculate u(208).
4
Let o(t) = -6289744*t + 31448725. Calculate o(5).
5
Let j(g) = -856*g + 474186. Give j(554).
-38
Let l(y) = -y**2 - 559335*y + 3356020. Determine l(6).
-26
Let k(p) = 132*p - 2844. Determine k(20).
-204
Let g(o) = o**3 + 340*o**2 - 2997*o - 905719. Calculate g(-341).
-23
Let n(q) = q**3 - 8*q**2 - 278*q + 121. Determine n(21).
16
Let i(j) = -37*j**3 + 440*j**2 - 406*j - 25. Determine i(1).
-28
Let f(s) = 86754*s + 86752. Calculate f(-1).
-2
Let k(i) = -2612*i - 10440. What is k(-4)?
8
Let o(a) = 26157*a - 52371. Give o(2).
-57
Let a(w) = -59*w - 4862. What is a(-78)?
-260
Let x(a) = 155*a**2 + 2063*a + 104. Determine x(-13).
-520
Let j(c) = 17*c**2 - 4362*c + 125432. Give j(33).
-1
Let y(f) = -13*f**2 + 2420*f + 93976. Give y(-33).
-41
Let y(a) = 479*a**2 - 5053*a + 2628. Give y(10).
-2
Let l(b) = 2489*b**2 + 7383*b - 124. Determine l(-3).
128
Let m(s) = 2*s**3 + 27*s**2 - 419*s - 52. Calculate m(-22).
938
Let w(r) = -141818*r + 5530905. What is w(39)?
3
Let z(g) = 139*g**3 + 2*g**2 + 1733*g + 1732. What is z(-1)?
-138
Let l(b) = -318*b + 8854. Determine l(29).
-368
Let o(w) = -w**3 + 22*w**2 - 178*w + 977. What is o(14)?
53
Let i(m) = -42335*m - 380975. Determine i(-9).
40
Let s(n) = -2*n**3 - 579*n**2 - 857*n + 2514. What is s(-288)?
498
Let b(s) = -1391*s**2 - 93200*s - 202. What is b(-67)?
-1
Let y(c) = -104*c**2 + 493*c - 494. What is y(1)?
-105
Let h(t) = -4*t**2 + 242*t + 595. Determine h(64).
-301
Let s(h) = 3*h**2 + 1243*h + 13329. Determine s(-11).
19
Let z(j) = 371*j**2 + 42666*j + 209. What is z(-115)?
94
Let k(f) = f**2 + 4*f - 3411. Give k(63).
810
Let k(h) = -1140*h - 9498. What is k(-8)?
-378
Let p(i) = 1561376*i - 68700549. Calculate p(44).
-5
Let t(n) = -6*n**2 - 231*n + 5096. Give t(25).
-4429
Let j(g) = 9*g**2 + 2382*g + 116381. What is j(-200)?
-19
Let y(c) = -27*c - 1100. What is y(-37)?
-101
Let v(r) = -r**3 + 84*r**2 - 163*r + 364. Calculate v(82).
446
Let w(q) = -2*q**3 + 183*q**2 + 464*q - 57. Determine w(94).
-621
Let h(g) = 81*g - 10776. What is h(104)?
-2352
Let l(i) = 3*i**2 - 6310*i + 462245. Determine l(76).
13
Let b(y) = -4*y**2 - 800*y + 40464. What is b(-242)?
-192
Let y(h) = 76*h**2 - 964*h - 119. Determine y(13).
193
Let l(q) = -q**3 + 188*q**2 - 177*q - 1716. Determine l(187).
154
Let u(m) = -19*m**2 + 633*m - 209. Determine u(33).
-11
Let a(r) = -r**3 - 68*r**2 + 118*r + 3246. Give a(-69).
-135
Let j(o) = -1574*o**2 - 58236*o + 61. Determine j(-37).
-13
Let u(s) = -4*s**2 + 2570*s - 17794. Give u(7).
0
Let j(u) = -u**3 - 32*u**2 + 83*u - 129. Calculate j(-35).
641
Let t(w) = 2*w**3 - 121*w**2 + 1687*w - 69. Give t(22).
-223
Let i(q) = -q**2 + 13*q + 1265. Determine i(-35).
-415
Let q(j) = -3052*j - 8546. What is q(-3)?
610
Let q(c) = -5681*c**3 - 51129*c**2 + 11. Calculate q(-9).
11
Let u(d) = -107*d + 1907. Give u(31).
-1410
Let o(f) = -194*f + 3150. Calculate o(13).
628
Let l(g) = -222286*g - 2222864. Calculate l(-10).
-4
Let s(z) = -243*z - 7687. Determine s(-32).
89
Let g(v) = -236*v**2 + 239*v - 212. Give g(1).
-209
Let t(u) = -39185*u - 391850. Calculate t(-10).
0
Let o(l) = -138*l**3 - 15529*l**2 + 7344*l - 107. Calculate o(-113).
6
Let l(k) = -583*k - 109634. Determine l(-188).
-30
Let y(w) = -w**2 - 1231*w - 71. What is y(0)?
-71
Let f(c) = c**2 + 3153*c - 60270. Determine f(19).
-2
Let k(m) = m**2 + 2789*m - 90645. Give k(32).
-373
Let v(g) = -g**2 + 16*g + 252. Give v(24).
60
Let p(t) = 7435*t - 7430. What is p(1)?
5
Let j(l) = -23*l - 740. Give j(-27).
-119
Let f(m) = -484*m - 2135. Calculate f(-5).
285
Let k(u) = -11*u**2 + 5783*u + 34687. Calculate k(-6).
-407
Let r(j) = j**2 - 80*j + 522. What is r(71)?
-117
Let u(k) = 64*k + 6800. Calculate u(-112).
-368
Let o(n) = -17*n**2 + 171313*n + 685517. Give o(-4).
-7
Let m(u) = u**3 - 45*u**2 - 622*u - 53. Calculate m(-14).
-2909
Let p(o) = -21*o**2 - 2064*o + 3474. Determine p(-100).
-126
Let o(h) = -9*h**2 - 5443*h - 16268. Determine o(-3).
-20
Let m(x) = -6*x**3 - 483*x**2 + 31862*x + 42. Give m(43).
-1
Let z(b) = -4485*b + 654813. Determine z(146).
3
Let b(g) = 345*g**2 + 221146*g + 689. Determine b(-641).
48
Let d(g) = 2*g**3 + 5*g**2 + 30*g - 30. Give d(6).
762
Let g(s) = -266*s + 1316. What is g(0)?
1316
Let j(p) = -81890*p - 1392120. Give j(-17).
10
Let j(t) = 4919*t + 14648. Give j(-3).
-109
Let f(r) = -r**3 - 348*r**2 - r + 35. What is f(0)?
35
Let o(k) = 2*k**2 + 1112*k - 60170. Give o(50).
430
Let x(n) = 796*n**2 + 5959*n - 11917. Determine x(2).
3185
Let s(z) = -z**2 - 22755